t d be w(0). Suppose 0 = 4*l - d, -l - 364 = -4*c + 3*l. What is the tens digit of c?
9
Suppose -142*x + 204 = -141*x. What is the tens digit of x?
0
Suppose 0 = 3*s - m - 100, 0 = 5*m + 5 - 0. Suppose -25*a + 17*a = 0. Suppose a*h + h = z + 41, h - 5*z - s = 0. What is the tens digit of h?
4
Let l(o) = -o**2 - 5*o + 6. Let p be l(-6). Suppose -2*x - 4*g = -p*g - 24, -g + 5 = 0. Suppose x*z - 30 = -z. What is the units digit of z?
0
Suppose -15*t + 252 = n - 17*t, t + 1001 = 4*n. What is the units digit of n?
0
Let f(r) = r**3 - 5*r**2 + 5*r - 2. Let k be f(3). Let y(c) = c**2 + 3*c - 5. Let s be y(k). What is the tens digit of 140/s*(-3)/(-6)?
1
Let d = 25 - -139. What is the units digit of d?
4
Suppose -2*r + 172 = -2*c + 2372, 0 = -3*c - 5*r + 3300. What is the thousands digit of c?
1
Let l = -14 - -15. Let w be (l + (-74)/(-6))*3. Suppose -4*z + 3*d + d = -w, 4*d + 51 = 5*z. What is the tens digit of z?
1
Let t(b) = 16*b**2 - b + 918. What is the tens digit of t(0)?
1
What is the hundreds digit of ((-16)/(-18))/(-4) - (-17838)/81?
2
Suppose 2*s + 3*s = -75. What is the units digit of s/(-2)*(-14)/(-21)?
5
Let d = -251 - -268. What is the units digit of d?
7
Let p(i) be the third derivative of 3*i**4/4 - i**3 - 13*i**2. What is the units digit of p(7)?
0
Let k(a) = 22*a**3 + a**2. Let x(z) = z + 12. Let y be x(-13). Let w be k(y). Let d = 48 + w. What is the units digit of d?
7
Suppose 2*q = 2*u + 90, -5*q - u = -3*u - 240. Suppose -x + q = x. What is the tens digit of x?
2
Let v(t) = t**3 + 11*t**2 + 12*t + 18. Suppose 69*z - 8 = 70*z. What is the hundreds digit of v(z)?
1
Suppose 8*h - 3*h - 4*y = 74, 4*y - 16 = 0. What is the tens digit of h?
1
Suppose -7*q + 11 = -3. Suppose 0 = q*v - 19 - 15. What is the units digit of v?
7
Let f = 13 + -5. Let k = -11 + f. What is the units digit of -10*((-18)/(-15))/k?
4
Let o(v) = -2*v**3 + v**2 - 2*v + 11. Let f(r) = r**3 + r - 1. Let q(z) = -3*f(z) - o(z). Let a be q(0). What is the units digit of (-455)/(-20) + (-2)/a?
3
What is the units digit of 3/(-33)*-11*1931*1?
1
What is the hundreds digit of ((-3)/9)/(9/27) - -795?
7
Let c = -34 - -31. What is the tens digit of (-84)/c + 10/5?
3
Suppose 2*q - q - 4 = 0. Let x(b) = 35*b**2 + 2*b - 1. Let r be x(1). Suppose 2*n = i + 4*i, r = 2*n + q*i. What is the tens digit of n?
1
Let q = -12 - -18. Suppose 0 = q*z - 5*z - 59. What is the units digit of z?
9
Suppose -g = 2*c - 0*c + 14, -5*g + c - 81 = 0. Let q = -16 - g. Suppose q = -15*u + 10*u + 370. What is the tens digit of u?
7
Let m(i) = -2*i**3 + 4*i**2 - 2*i + 21. What is the units digit of m(-6)?
9
Let x(m) = -m. Let f be x(0). Suppose -4*v = -0*v - 2*y - 274, f = -v + 3*y + 76. What is the tens digit of v?
6
Suppose -5*w - 4 = -24. Suppose -w*l = -3*r + 404, -4*r + 532 = -0*r - 2*l. Let y = r - 89. What is the tens digit of y?
4
Let k(o) = -o**3 + 9*o**2 - 8*o - 10. Let y be k(8). Let p = 7 + y. Let g(z) = -z**3 + 2*z**2 + 3. What is the units digit of g(p)?
8
Let o be (1 - -2)*14/21. Suppose -36 = o*s + 2*s. What is the units digit of 1 + (-6 - -4 - s)?
8
Suppose -364*t + 374*t = 24720. What is the hundreds digit of t?
4
Suppose -7 = -2*a - 5*i, 0*a + 4*i - 20 = -4*a. Let n be (2 + a)/(-2 - -3). What is the units digit of 2/(n/140) + 1?
6
Let s(v) = 43*v + 67. What is the hundreds digit of s(4)?
2
Suppose -3*u - 3 = 2*o, 0 - 1 = -4*u - o. Suppose -4*m + u = -7. What is the tens digit of 38/((-7)/((-7)/m))?
1
Let v(x) = 32*x**2 + 5*x - 15. What is the units digit of v(-5)?
0
What is the units digit of (-1832)/(-6) - (-10 + (-300)/(-36))?
7
Let i be (-1)/((-3)/2 - -2). Let l be i/7 - (-58)/7. What is the units digit of (6/l)/((-2)/(-32))?
2
What is the thousands digit of ((-54)/252*-72)/((-2)/(-343))?
2
Let z(v) = -1. Let q(g) = 6*g - 6. Let w(u) = -q(u) + 4*z(u). Let f be w(8). What is the units digit of (f - 1)*(-19 - -18)?
7
Suppose 5*g + 3*p = -118, 0 = -g - 2*p - p - 14. Let j = g - -90. What is the tens digit of j?
6
Suppose -1811 = -4*h - v, 5*h - 794 - 1451 = 5*v. What is the tens digit of h?
5
Let u(b) = b**2 - b - 2. Let q = -17 - -12. Let v = 9 + q. What is the tens digit of u(v)?
1
Let v(o) = -o - 3. Let c be v(-6). Suppose 0 = -4*m - q - 4*q + 411, 3*q + 211 = 2*m. Suppose -b - c*b = -m. What is the tens digit of b?
2
Let m = -15 + 20. Suppose -m*q + 450 = -40. What is the units digit of q?
8
Suppose 2*u - 3766 = 2*k, 9406 = 5*u - 3*k + k. What is the units digit of u?
0
Let z(n) = n**3 - 11*n**2 + 10*n - 9. Let v be z(10). Let p(k) = -6*k + 5. What is the tens digit of p(v)?
5
Let n = -25 - -33. Let i = 12 - n. Suppose i*v - 168 = 40. What is the tens digit of v?
5
Suppose 4*o + 14 = p - 3, 5*o = 15. Let z(s) = p + 3*s - s - s - 2*s. What is the tens digit of z(12)?
1
Let a(z) be the second derivative of z**4/12 - z**3/3 + 2*z**2 - 3*z. Let d = -4 + 8. What is the units digit of a(d)?
2
Suppose -6*y - 1130 = -5*u - 11*y, 3*y = -9. What is the tens digit of u?
2
Let j(f) = f**3 - 5*f**2 - 17*f + 6. Let d be j(7). What is the units digit of 26/195 + (-628)/d?
2
Suppose -6 = -4*w + w. Suppose 6*u - w*u = 3*t + 579, -5*u - 2*t + 695 = 0. What is the hundreds digit of u?
1
Let v(f) = 2*f - 11. Let m(w) = -2*w. Let o(u) = 2*m(u) + v(u). What is the units digit of o(-7)?
3
What is the units digit of 6 - ((-8206)/7 - (-38)/133)?
8
Suppose 55220 = 362*x - 351*x. What is the units digit of x?
0
Suppose 2*h + 2184 = 8*h. What is the hundreds digit of h?
3
Let r = -719 + 1005. What is the units digit of r?
6
Suppose 2*y - u = -270, -4*y - 540 = u + 2*u. Let g = 209 + y. What is the tens digit of g?
7
Let g(d) = -2*d**2 + 3*d + 248. Let i be g(0). Suppose 2*u = -3*u - y + 1208, u - i = 3*y. What is the units digit of u?
2
Let x = 2718 - 1686. What is the tens digit of x?
3
Let w be 17 + (1 - -1) + -3. Let i be w/6*(-90)/12. Let b = i - -41. What is the units digit of b?
1
Let w(a) be the first derivative of 4*a**2 - 5*a - 1. Let p(t) = -5*t + 34. Let m be p(6). What is the units digit of w(m)?
7
Let t(u) be the second derivative of -u**3/3 + 7*u**2/2 + 7*u. Let s be t(-4). What is the units digit of -2 + -2 - s/(-3)?
1
Let p be (2 + (-8)/12)*3. Suppose -3*d = p*s - 25, 2*d - 6 = 2*s + 6. What is the units digit of d?
7
Let o be (1 + 0)*-1 + 2. What is the units digit of 1/(o*(-4)/(-204)*1)?
1
Let h(p) = -2*p**3 + 4*p + 7. Suppose 10 = -5*d - 5. What is the tens digit of h(d)?
4
Let g(z) = 2*z - 1. Let n be g(-6). Let d = -13 - n. Suppose 0 = -y + 2*y - 2*j - 18, d = -2*y + 2*j + 38. What is the units digit of y?
0
Let o = 17 - 12. Suppose 0 = 6*g - g + o*z + 5, 5*z = -2*g - 17. What is the units digit of 20/15*6/g?
2
Suppose 0*b = 5*b - 5*r - 1740, -342 = -b - r. What is the units digit of b?
5
Suppose 18*d - 22*d + 588 = 0. What is the tens digit of d?
4
Suppose 3*m + 18*y = 17*y + 947, 3*y - 945 = -3*m. What is the hundreds digit of m?
3
Suppose 218 = -3*v - b, 0*b - 2*b + 367 = -5*v. Let m = 121 + v. What is the units digit of m?
8
Suppose 4*x - 1457 - 767 = 0. Suppose -4*t + 3*u + 446 = 0, 0*t - 3*u - x = -5*t. Suppose -70 = -3*d + 4*y, t = 4*d - 2*y + 5*y. What is the tens digit of d?
2
Suppose -816 = -4*o - 5*s + 393, 5 = s. What is the hundreds digit of o?
2
Let h(o) = o**3 - 4*o**2 + 4*o + 1. Let r be h(5). Let j = 52 + r. What is the tens digit of j?
9
Let t(m) = -m**3 - m**2 + m + 659. What is the units digit of t(0)?
9
Let z(m) be the first derivative of 3*m**3 + m - 2. Let n be z(-1). Let v = n - -2. What is the tens digit of v?
1
What is the units digit of (-965)/(-9) + (-218)/981?
7
What is the units digit of (-3422)/(-6) - (170/(-30) - -6)?
0
Let d(j) = 6*j - 24. Let v be d(0). What is the hundreds digit of (1208/v - 2)/((-1)/3)?
1
Suppose -3*t = -24 + 9. Let b(p) = -p**3 + 6*p**2 - 4*p - 1. Let l be b(t). What is the tens digit of 30/l*(-18)/(-5)?
2
Suppose 0*x - 2*x = -2*g + 6, 0 = 3*x + 2*g - 16. Suppose x = 2*b - 4. Suppose -3*v - 33 = -b*s, 2*s - 20 = -3*v + 4*v. What is the units digit of s?
9
Suppose -11 = -5*p - 51. Let d(i) = 3 + i**3 - 373*i**2 + 757*i**2 - 375*i**2 - i. What is the units digit of d(p)?
5
Suppose 0 = 9*i - 9625 - 4163. What is the hundreds digit of i?
5
Let q(t) be the third derivative of 0 + 5*t**2 - 1/12*t**5 - 1/120*t**6 - 1/4*t**4 + 0*t + 1/2*t